{"id":15554,"date":"2025-08-04T08:41:20","date_gmt":"2025-08-04T08:41:20","guid":{"rendered":"https:\/\/qreativ.se\/produkt\/julgranspynt-karamell-2-pack\/"},"modified":"2026-02-13T09:40:22","modified_gmt":"2026-02-13T09:40:22","slug":"julgranspynt-karamell-2-pack","status":"publish","type":"product","link":"https:\/\/qreativ.se\/dk\/produkt\/julgranspynt-karamell-2-pack\/","title":{"rendered":"Julgranspynt Karamell Guld 2-pack"},"content":{"rendered":"<h4><strong>L\u00e4gg till en s\u00f6t detalj i granen<\/strong><\/h4>\n<p>Dessa dekorativa karameller i glas \u00e4r som sm\u00e5 konstverk i granen. Den klassiska formen och de stilrena guldr\u00e4nderna skapar ett elegant och lekfullt uttryck som passar lika fint i traditionell julpyntning som i en mer avskalad stil.<\/p>\n<p>\u2022 Tillverkade i munbl\u00e5st glas<br data-start=\"241\" data-end=\"244\" \/>\u2022 Vacker gulddekor<br data-start=\"262\" data-end=\"265\" \/>\u2022 Gener\u00f6s storlek<br data-start=\"282\" data-end=\"285\" \/>\u2022 S\u00e4ljs i 2-pack<\/p>\n<p>H\u00e4ng dem i granen, i ett f\u00f6nster eller anv\u00e4nd dem som en extra detalj vid dukningen.<\/p>\n","protected":false},"excerpt":{"rendered":"<p>Eleganta glaskarameller i gener\u00f6s storlek \u2013 perfekt blickf\u00e5ng i julgranen!<\/p>\n","protected":false},"featured_media":15555,"comment_status":"open","ping_status":"closed","template":"","meta":{"_acf_changed":false,"inline_featured_image":false},"product_brand":[],"product_cat":[253,256,251],"product_tag":[],"class_list":{"0":"post-15554","1":"product","2":"type-product","3":"status-publish","4":"has-post-thumbnail","6":"product_cat-jul","7":"product_cat-juletraespynt","8":"product_cat-saeson","10":"first","11":"outofstock","12":"taxable","13":"shipping-taxable","14":"purchasable","15":"product-type-simple"},"acf":[],"yoast_head":"<!-- This site is optimized with the Yoast SEO plugin v27.4 - https:\/\/yoast.com\/product\/yoast-seo-wordpress\/ -->\n<title>Julgranspynt Karamell Guld 2-pack - Qreativ<\/title>\n<meta name=\"robots\" content=\"index, follow, max-snippet:-1, max-image-preview:large, max-video-preview:-1\" \/>\n<link rel=\"canonical\" href=\"https:\/\/qreativ.se\/dk\/produkt\/julgranspynt-karamell-2-pack\/\" \/>\n<meta property=\"og:locale\" content=\"da_DK\" \/>\n<meta property=\"og:type\" content=\"article\" \/>\n<meta property=\"og:title\" content=\"Julgranspynt Karamell Guld 2-pack - Qreativ\" \/>\n<meta property=\"og:description\" content=\"Eleganta glaskarameller i gener\u00f6s storlek \u2013 perfekt blickf\u00e5ng i julgranen!\" \/>\n<meta property=\"og:url\" content=\"https:\/\/qreativ.se\/dk\/produkt\/julgranspynt-karamell-2-pack\/\" \/>\n<meta property=\"og:site_name\" content=\"Qreativ\" \/>\n<meta property=\"article:modified_time\" content=\"2026-02-13T09:40:22+00:00\" \/>\n<meta property=\"og:image\" content=\"https:\/\/qreativ.se\/wp-content\/uploads\/2025\/08\/Vintage-inredning-Magiska-juldekorationer-3.png\" \/>\n\t<meta property=\"og:image:width\" content=\"2000\" \/>\n\t<meta property=\"og:image:height\" content=\"2000\" \/>\n\t<meta property=\"og:image:type\" content=\"image\/png\" \/>\n<meta name=\"twitter:card\" content=\"summary_large_image\" \/>\n<meta name=\"twitter:label1\" content=\"Estimeret l\u00e6setid\" \/>\n\t<meta name=\"twitter:data1\" content=\"1 minut\" \/>\n<script type=\"application\/ld+json\" class=\"yoast-schema-graph\">{\"@context\":\"https:\\\/\\\/schema.org\",\"@graph\":[{\"@type\":\"WebPage\",\"@id\":\"https:\\\/\\\/qreativ.se\\\/dk\\\/produkt\\\/julgranspynt-karamell-2-pack\\\/\",\"url\":\"https:\\\/\\\/qreativ.se\\\/dk\\\/produkt\\\/julgranspynt-karamell-2-pack\\\/\",\"name\":\"Julgranspynt Karamell Guld 2-pack - Qreativ\",\"isPartOf\":{\"@id\":\"https:\\\/\\\/qreativ.se\\\/dk\\\/#website\"},\"primaryImageOfPage\":{\"@id\":\"https:\\\/\\\/qreativ.se\\\/dk\\\/produkt\\\/julgranspynt-karamell-2-pack\\\/#primaryimage\"},\"image\":{\"@id\":\"https:\\\/\\\/qreativ.se\\\/dk\\\/produkt\\\/julgranspynt-karamell-2-pack\\\/#primaryimage\"},\"thumbnailUrl\":\"https:\\\/\\\/qreativ.se\\\/wp-content\\\/uploads\\\/2025\\\/08\\\/Vintage-inredning-Magiska-juldekorationer-3.png\",\"datePublished\":\"2025-08-04T08:41:20+00:00\",\"dateModified\":\"2026-02-13T09:40:22+00:00\",\"breadcrumb\":{\"@id\":\"https:\\\/\\\/qreativ.se\\\/dk\\\/produkt\\\/julgranspynt-karamell-2-pack\\\/#breadcrumb\"},\"inLanguage\":\"da-DK\",\"potentialAction\":[{\"@type\":\"ReadAction\",\"target\":[\"https:\\\/\\\/qreativ.se\\\/dk\\\/produkt\\\/julgranspynt-karamell-2-pack\\\/\"]}]},{\"@type\":\"ImageObject\",\"inLanguage\":\"da-DK\",\"@id\":\"https:\\\/\\\/qreativ.se\\\/dk\\\/produkt\\\/julgranspynt-karamell-2-pack\\\/#primaryimage\",\"url\":\"https:\\\/\\\/qreativ.se\\\/wp-content\\\/uploads\\\/2025\\\/08\\\/Vintage-inredning-Magiska-juldekorationer-3.png\",\"contentUrl\":\"https:\\\/\\\/qreativ.se\\\/wp-content\\\/uploads\\\/2025\\\/08\\\/Vintage-inredning-Magiska-juldekorationer-3.png\",\"width\":2000,\"height\":2000},{\"@type\":\"BreadcrumbList\",\"@id\":\"https:\\\/\\\/qreativ.se\\\/dk\\\/produkt\\\/julgranspynt-karamell-2-pack\\\/#breadcrumb\",\"itemListElement\":[{\"@type\":\"ListItem\",\"position\":1,\"name\":\"Home\",\"item\":\"https:\\\/\\\/qreativ.se\\\/dk\\\/hjem\\\/\"},{\"@type\":\"ListItem\",\"position\":2,\"name\":\"Webbshop\",\"item\":\"https:\\\/\\\/qreativ.se\\\/dk\\\/webbshop\\\/\"},{\"@type\":\"ListItem\",\"position\":3,\"name\":\"Julgranspynt Karamell Guld 2-pack\"}]},{\"@type\":\"WebSite\",\"@id\":\"https:\\\/\\\/qreativ.se\\\/dk\\\/#website\",\"url\":\"https:\\\/\\\/qreativ.se\\\/dk\\\/\",\"name\":\"Qreativ\",\"description\":\"\",\"alternateName\":\"qreativ.se\",\"potentialAction\":[{\"@type\":\"SearchAction\",\"target\":{\"@type\":\"EntryPoint\",\"urlTemplate\":\"https:\\\/\\\/qreativ.se\\\/dk\\\/?s={search_term_string}\"},\"query-input\":{\"@type\":\"PropertyValueSpecification\",\"valueRequired\":true,\"valueName\":\"search_term_string\"}}],\"inLanguage\":\"da-DK\"}]}<\/script>\n<!-- \/ Yoast SEO plugin. -->","yoast_head_json":{"title":"Julgranspynt Karamell Guld 2-pack - Qreativ","robots":{"index":"index","follow":"follow","max-snippet":"max-snippet:-1","max-image-preview":"max-image-preview:large","max-video-preview":"max-video-preview:-1"},"canonical":"https:\/\/qreativ.se\/dk\/produkt\/julgranspynt-karamell-2-pack\/","og_locale":"da_DK","og_type":"article","og_title":"Julgranspynt Karamell Guld 2-pack - Qreativ","og_description":"Eleganta glaskarameller i gener\u00f6s storlek \u2013 perfekt blickf\u00e5ng i julgranen!","og_url":"https:\/\/qreativ.se\/dk\/produkt\/julgranspynt-karamell-2-pack\/","og_site_name":"Qreativ","article_modified_time":"2026-02-13T09:40:22+00:00","og_image":[{"width":2000,"height":2000,"url":"https:\/\/qreativ.se\/wp-content\/uploads\/2025\/08\/Vintage-inredning-Magiska-juldekorationer-3.png","type":"image\/png"}],"twitter_card":"summary_large_image","twitter_misc":{"Estimeret l\u00e6setid":"1 minut"},"schema":{"@context":"https:\/\/schema.org","@graph":[{"@type":"WebPage","@id":"https:\/\/qreativ.se\/dk\/produkt\/julgranspynt-karamell-2-pack\/","url":"https:\/\/qreativ.se\/dk\/produkt\/julgranspynt-karamell-2-pack\/","name":"Julgranspynt Karamell Guld 2-pack - Qreativ","isPartOf":{"@id":"https:\/\/qreativ.se\/dk\/#website"},"primaryImageOfPage":{"@id":"https:\/\/qreativ.se\/dk\/produkt\/julgranspynt-karamell-2-pack\/#primaryimage"},"image":{"@id":"https:\/\/qreativ.se\/dk\/produkt\/julgranspynt-karamell-2-pack\/#primaryimage"},"thumbnailUrl":"https:\/\/qreativ.se\/wp-content\/uploads\/2025\/08\/Vintage-inredning-Magiska-juldekorationer-3.png","datePublished":"2025-08-04T08:41:20+00:00","dateModified":"2026-02-13T09:40:22+00:00","breadcrumb":{"@id":"https:\/\/qreativ.se\/dk\/produkt\/julgranspynt-karamell-2-pack\/#breadcrumb"},"inLanguage":"da-DK","potentialAction":[{"@type":"ReadAction","target":["https:\/\/qreativ.se\/dk\/produkt\/julgranspynt-karamell-2-pack\/"]}]},{"@type":"ImageObject","inLanguage":"da-DK","@id":"https:\/\/qreativ.se\/dk\/produkt\/julgranspynt-karamell-2-pack\/#primaryimage","url":"https:\/\/qreativ.se\/wp-content\/uploads\/2025\/08\/Vintage-inredning-Magiska-juldekorationer-3.png","contentUrl":"https:\/\/qreativ.se\/wp-content\/uploads\/2025\/08\/Vintage-inredning-Magiska-juldekorationer-3.png","width":2000,"height":2000},{"@type":"BreadcrumbList","@id":"https:\/\/qreativ.se\/dk\/produkt\/julgranspynt-karamell-2-pack\/#breadcrumb","itemListElement":[{"@type":"ListItem","position":1,"name":"Home","item":"https:\/\/qreativ.se\/dk\/hjem\/"},{"@type":"ListItem","position":2,"name":"Webbshop","item":"https:\/\/qreativ.se\/dk\/webbshop\/"},{"@type":"ListItem","position":3,"name":"Julgranspynt Karamell Guld 2-pack"}]},{"@type":"WebSite","@id":"https:\/\/qreativ.se\/dk\/#website","url":"https:\/\/qreativ.se\/dk\/","name":"Qreativ","description":"","alternateName":"qreativ.se","potentialAction":[{"@type":"SearchAction","target":{"@type":"EntryPoint","urlTemplate":"https:\/\/qreativ.se\/dk\/?s={search_term_string}"},"query-input":{"@type":"PropertyValueSpecification","valueRequired":true,"valueName":"search_term_string"}}],"inLanguage":"da-DK"}]}},"_links":{"self":[{"href":"https:\/\/qreativ.se\/dk\/wp-json\/wp\/v2\/product\/15554","targetHints":{"allow":["GET"]}}],"collection":[{"href":"https:\/\/qreativ.se\/dk\/wp-json\/wp\/v2\/product"}],"about":[{"href":"https:\/\/qreativ.se\/dk\/wp-json\/wp\/v2\/types\/product"}],"replies":[{"embeddable":true,"href":"https:\/\/qreativ.se\/dk\/wp-json\/wp\/v2\/comments?post=15554"}],"wp:featuredmedia":[{"embeddable":true,"href":"https:\/\/qreativ.se\/dk\/wp-json\/wp\/v2\/media\/15555"}],"wp:attachment":[{"href":"https:\/\/qreativ.se\/dk\/wp-json\/wp\/v2\/media?parent=15554"}],"wp:term":[{"taxonomy":"product_brand","embeddable":true,"href":"https:\/\/qreativ.se\/dk\/wp-json\/wp\/v2\/product_brand?post=15554"},{"taxonomy":"product_cat","embeddable":true,"href":"https:\/\/qreativ.se\/dk\/wp-json\/wp\/v2\/product_cat?post=15554"},{"taxonomy":"product_tag","embeddable":true,"href":"https:\/\/qreativ.se\/dk\/wp-json\/wp\/v2\/product_tag?post=15554"}],"curies":[{"name":"wp","href":"https:\/\/api.w.org\/{rel}","templated":true}]}}

<h4><strong>Lägg till en söt detalj i granen</strong></h4>
<p>Dessa dekorativa karameller i glas är som små konstverk i granen. Den klassiska formen och de stilrena guldränderna skapar ett elegant och lekfullt uttryck som passar lika fint i traditionell julpyntning som i en mer avskalad stil.</p>
<p>• Tillverkade i munblåst glas<br data-start="241" data-end="244" />• Vacker gulddekor<br data-start="262" data-end="265" />• Generös storlek<br data-start="282" data-end="285" />• Säljs i 2-pack</p>
<p>Häng dem i granen, i ett fönster eller använd dem som en extra detalj vid dukningen.</p>

<p>Eleganta glaskarameller i generös storlek – perfekt blickfång i julgranen!</p>

<!-- This site is optimized with the Yoast SEO plugin v27.4 - https://yoast.com/product/yoast-seo-wordpress/ -->
<title>Julgranspynt Karamell Guld 2-pack - Qreativ</title>
<meta name="robots" content="index, follow, max-snippet:-1, max-image-preview:large, max-video-preview:-1" />
<link rel="canonical" href="https://qreativ.se/dk/produkt/julgranspynt-karamell-2-pack/" />
<meta property="og:locale" content="da_DK" />
<meta property="og:type" content="article" />
<meta property="og:title" content="Julgranspynt Karamell Guld 2-pack - Qreativ" />
<meta property="og:description" content="Eleganta glaskarameller i generös storlek – perfekt blickfång i julgranen!" />
<meta property="og:url" content="https://qreativ.se/dk/produkt/julgranspynt-karamell-2-pack/" />
<meta property="og:site_name" content="Qreativ" />
<meta property="article:modified_time" content="2026-02-13T09:40:22+00:00" />
<meta property="og:image" content="https://qreativ.se/wp-content/uploads/2025/08/Vintage-inredning-Magiska-juldekorationer-3.png" />
	<meta property="og:image:width" content="2000" />
	<meta property="og:image:height" content="2000" />
	<meta property="og:image:type" content="image/png" />
<meta name="twitter:card" content="summary_large_image" />
<meta name="twitter:label1" content="Estimeret læsetid" />
	<meta name="twitter:data1" content="1 minut" />
<script type="application/ld+json" class="yoast-schema-graph">{"@context":"https:\/\/schema.org","@graph":[{"@type":"WebPage","@id":"https:\/\/qreativ.se\/dk\/produkt\/julgranspynt-karamell-2-pack\/","url":"https:\/\/qreativ.se\/dk\/produkt\/julgranspynt-karamell-2-pack\/","name":"Julgranspynt Karamell Guld 2-pack - Qreativ","isPartOf":{"@id":"https:\/\/qreativ.se\/dk\/#website"},"primaryImageOfPage":{"@id":"https:\/\/qreativ.se\/dk\/produkt\/julgranspynt-karamell-2-pack\/#primaryimage"},"image":{"@id":"https:\/\/qreativ.se\/dk\/produkt\/julgranspynt-karamell-2-pack\/#primaryimage"},"thumbnailUrl":"https:\/\/qreativ.se\/wp-content\/uploads\/2025\/08\/Vintage-inredning-Magiska-juldekorationer-3.png","datePublished":"2025-08-04T08:41:20+00:00","dateModified":"2026-02-13T09:40:22+00:00","breadcrumb":{"@id":"https:\/\/qreativ.se\/dk\/produkt\/julgranspynt-karamell-2-pack\/#breadcrumb"},"inLanguage":"da-DK","potentialAction":[{"@type":"ReadAction","target":["https:\/\/qreativ.se\/dk\/produkt\/julgranspynt-karamell-2-pack\/"]}]},{"@type":"ImageObject","inLanguage":"da-DK","@id":"https:\/\/qreativ.se\/dk\/produkt\/julgranspynt-karamell-2-pack\/#primaryimage","url":"https:\/\/qreativ.se\/wp-content\/uploads\/2025\/08\/Vintage-inredning-Magiska-juldekorationer-3.png","contentUrl":"https:\/\/qreativ.se\/wp-content\/uploads\/2025\/08\/Vintage-inredning-Magiska-juldekorationer-3.png","width":2000,"height":2000},{"@type":"BreadcrumbList","@id":"https:\/\/qreativ.se\/dk\/produkt\/julgranspynt-karamell-2-pack\/#breadcrumb","itemListElement":[{"@type":"ListItem","position":1,"name":"Home","item":"https:\/\/qreativ.se\/dk\/hjem\/"},{"@type":"ListItem","position":2,"name":"Webbshop","item":"https:\/\/qreativ.se\/dk\/webbshop\/"},{"@type":"ListItem","position":3,"name":"Julgranspynt Karamell Guld 2-pack"}]},{"@type":"WebSite","@id":"https:\/\/qreativ.se\/dk\/#website","url":"https:\/\/qreativ.se\/dk\/","name":"Qreativ","description":"","alternateName":"qreativ.se","potentialAction":[{"@type":"SearchAction","target":{"@type":"EntryPoint","urlTemplate":"https:\/\/qreativ.se\/dk\/?s={search_term_string}"},"query-input":{"@type":"PropertyValueSpecification","valueRequired":true,"valueName":"search_term_string"}}],"inLanguage":"da-DK"}]}</script>
<!-- / Yoast SEO plugin. -->

Eleganta glaskarameller i generös storlek – perfekt blickfång i julgranen!
