{"id":16276,"date":"2024-12-17T16:23:01","date_gmt":"2024-12-17T16:23:01","guid":{"rendered":"https:\/\/qreativ.se\/produkt\/flor-ljuslykta-beige\/"},"modified":"2026-02-13T09:36:25","modified_gmt":"2026-02-13T09:36:25","slug":"flor-ljuslykta-beige","status":"publish","type":"product","link":"https:\/\/qreativ.se\/dk\/produkt\/flor-ljuslykta-beige\/","title":{"rendered":"Flor Ljuslykta Beige"},"content":{"rendered":"<p><strong>Uppt\u00e4ck V\u00e5ra Ljuslyktor i Pastellf\u00e4rgat Glas \u2013 Skapa En Mysig Atmosf\u00e4r<\/strong><\/p>\n<p>Ge ditt hem en elegant och stilfull touch med v\u00e5ra <strong>ljuslyktor i pastellf\u00e4rgat glas<\/strong>. Den mjuka f\u00e4rgpaletten skapar en varm och inbjudande k\u00e4nsla som passar perfekt i allt fr\u00e5n det moderna vardagsrummet till mysiga sovrum och dukade middagsbord.<\/p>\n<p>V\u00e5ra ljuslyktor \u00e4r tillverkade av <strong>h\u00f6gkvalitativt glas<\/strong>, vilket ger ett vackert skimmer n\u00e4r ljuset sprids genom de mjuka pastelltonerna. V\u00e4lj mellan flera f\u00e4rger f\u00f6r att matcha din inredningsstil eller blanda olika nyanser f\u00f6r en lekfull effekt.<\/p>\n<p><strong>Perfekta f\u00f6r alla tillf\u00e4llen<\/strong>:<\/p>\n<ul>\n<li>Mysiga kv\u00e4llar hemma<\/li>\n<li>Br\u00f6llop och festdekorationer<\/li>\n<li>G\u00e5vor till n\u00e5gon du tycker om<\/li>\n<li>Komplettera med Flor Dekorationsblomma f\u00f6r ett enhetligt inredningskoncept<\/li>\n<\/ul>\n","protected":false},"excerpt":{"rendered":"<p>Med dessa stilrena ljuslyktor skapar du enkelt en <strong>harmonisk atmosf\u00e4r<\/strong> i ditt hem. Ljuslyktorna \u00e4r \u00e4ven en idealisk present till den inredningsintresserade v\u00e4nnen.<\/p>\n","protected":false},"featured_media":16277,"comment_status":"open","ping_status":"closed","template":"","meta":{"_acf_changed":false,"inline_featured_image":false},"product_brand":[],"product_cat":[242,239,259,251],"product_tag":[],"class_list":{"0":"post-16276","1":"product","2":"type-product","3":"status-publish","4":"has-post-thumbnail","6":"product_cat-lygteholdere","7":"product_cat-stemningsfulde-lysestager-lysholdere","8":"product_cat-paske","9":"product_cat-saeson","11":"first","12":"instock","13":"taxable","14":"shipping-taxable","15":"purchasable","16":"product-type-simple"},"acf":[],"yoast_head":"<!-- This site is optimized with the Yoast SEO plugin v27.5 - https:\/\/yoast.com\/product\/yoast-seo-wordpress\/ -->\n<title>Flor Ljuslykta Beige - Qreativ<\/title>\n<meta name=\"robots\" content=\"index, follow, max-snippet:-1, max-image-preview:large, max-video-preview:-1\" \/>\n<link rel=\"canonical\" href=\"https:\/\/qreativ.se\/dk\/produkt\/flor-ljuslykta-beige\/\" \/>\n<meta property=\"og:locale\" content=\"da_DK\" \/>\n<meta property=\"og:type\" content=\"article\" \/>\n<meta property=\"og:title\" content=\"Flor Ljuslykta Beige - Qreativ\" \/>\n<meta property=\"og:description\" content=\"Med dessa stilrena ljuslyktor skapar du enkelt en harmonisk atmosf\u00e4r i ditt hem. Ljuslyktorna \u00e4r \u00e4ven en idealisk present till den inredningsintresserade v\u00e4nnen.\" \/>\n<meta property=\"og:url\" content=\"https:\/\/qreativ.se\/dk\/produkt\/flor-ljuslykta-beige\/\" \/>\n<meta property=\"og:site_name\" content=\"Qreativ\" \/>\n<meta property=\"article:modified_time\" content=\"2026-02-13T09:36:25+00:00\" \/>\n<meta property=\"og:image\" content=\"https:\/\/qreativ.se\/wp-content\/uploads\/2024\/12\/Namnlos-design-5-1.png\" \/>\n\t<meta property=\"og:image:width\" content=\"2000\" \/>\n\t<meta property=\"og:image:height\" content=\"2000\" \/>\n\t<meta property=\"og:image:type\" content=\"image\/png\" \/>\n<meta name=\"twitter:card\" content=\"summary_large_image\" \/>\n<meta name=\"twitter:label1\" content=\"Estimeret l\u00e6setid\" \/>\n\t<meta name=\"twitter:data1\" content=\"1 minut\" \/>\n<script type=\"application\/ld+json\" class=\"yoast-schema-graph\">{\"@context\":\"https:\\\/\\\/schema.org\",\"@graph\":[{\"@type\":\"WebPage\",\"@id\":\"https:\\\/\\\/qreativ.se\\\/dk\\\/produkt\\\/flor-ljuslykta-beige\\\/\",\"url\":\"https:\\\/\\\/qreativ.se\\\/dk\\\/produkt\\\/flor-ljuslykta-beige\\\/\",\"name\":\"Flor Ljuslykta Beige - Qreativ\",\"isPartOf\":{\"@id\":\"https:\\\/\\\/qreativ.se\\\/dk\\\/#website\"},\"primaryImageOfPage\":{\"@id\":\"https:\\\/\\\/qreativ.se\\\/dk\\\/produkt\\\/flor-ljuslykta-beige\\\/#primaryimage\"},\"image\":{\"@id\":\"https:\\\/\\\/qreativ.se\\\/dk\\\/produkt\\\/flor-ljuslykta-beige\\\/#primaryimage\"},\"thumbnailUrl\":\"https:\\\/\\\/qreativ.se\\\/wp-content\\\/uploads\\\/2024\\\/12\\\/Namnlos-design-5-1.png\",\"datePublished\":\"2024-12-17T16:23:01+00:00\",\"dateModified\":\"2026-02-13T09:36:25+00:00\",\"breadcrumb\":{\"@id\":\"https:\\\/\\\/qreativ.se\\\/dk\\\/produkt\\\/flor-ljuslykta-beige\\\/#breadcrumb\"},\"inLanguage\":\"da-DK\",\"potentialAction\":[{\"@type\":\"ReadAction\",\"target\":[\"https:\\\/\\\/qreativ.se\\\/dk\\\/produkt\\\/flor-ljuslykta-beige\\\/\"]}]},{\"@type\":\"ImageObject\",\"inLanguage\":\"da-DK\",\"@id\":\"https:\\\/\\\/qreativ.se\\\/dk\\\/produkt\\\/flor-ljuslykta-beige\\\/#primaryimage\",\"url\":\"https:\\\/\\\/qreativ.se\\\/wp-content\\\/uploads\\\/2024\\\/12\\\/Namnlos-design-5-1.png\",\"contentUrl\":\"https:\\\/\\\/qreativ.se\\\/wp-content\\\/uploads\\\/2024\\\/12\\\/Namnlos-design-5-1.png\",\"width\":2000,\"height\":2000},{\"@type\":\"BreadcrumbList\",\"@id\":\"https:\\\/\\\/qreativ.se\\\/dk\\\/produkt\\\/flor-ljuslykta-beige\\\/#breadcrumb\",\"itemListElement\":[{\"@type\":\"ListItem\",\"position\":1,\"name\":\"Home\",\"item\":\"https:\\\/\\\/qreativ.se\\\/dk\\\/hjem\\\/\"},{\"@type\":\"ListItem\",\"position\":2,\"name\":\"Webbshop\",\"item\":\"https:\\\/\\\/qreativ.se\\\/dk\\\/webbshop\\\/\"},{\"@type\":\"ListItem\",\"position\":3,\"name\":\"Flor Ljuslykta Beige\"}]},{\"@type\":\"WebSite\",\"@id\":\"https:\\\/\\\/qreativ.se\\\/dk\\\/#website\",\"url\":\"https:\\\/\\\/qreativ.se\\\/dk\\\/\",\"name\":\"Qreativ\",\"description\":\"\",\"alternateName\":\"qreativ.se\",\"potentialAction\":[{\"@type\":\"SearchAction\",\"target\":{\"@type\":\"EntryPoint\",\"urlTemplate\":\"https:\\\/\\\/qreativ.se\\\/dk\\\/?s={search_term_string}\"},\"query-input\":{\"@type\":\"PropertyValueSpecification\",\"valueRequired\":true,\"valueName\":\"search_term_string\"}}],\"inLanguage\":\"da-DK\"}]}<\/script>\n<!-- \/ Yoast SEO plugin. -->","yoast_head_json":{"title":"Flor Ljuslykta Beige - Qreativ","robots":{"index":"index","follow":"follow","max-snippet":"max-snippet:-1","max-image-preview":"max-image-preview:large","max-video-preview":"max-video-preview:-1"},"canonical":"https:\/\/qreativ.se\/dk\/produkt\/flor-ljuslykta-beige\/","og_locale":"da_DK","og_type":"article","og_title":"Flor Ljuslykta Beige - Qreativ","og_description":"Med dessa stilrena ljuslyktor skapar du enkelt en harmonisk atmosf\u00e4r i ditt hem. Ljuslyktorna \u00e4r \u00e4ven en idealisk present till den inredningsintresserade v\u00e4nnen.","og_url":"https:\/\/qreativ.se\/dk\/produkt\/flor-ljuslykta-beige\/","og_site_name":"Qreativ","article_modified_time":"2026-02-13T09:36:25+00:00","og_image":[{"width":2000,"height":2000,"url":"https:\/\/qreativ.se\/wp-content\/uploads\/2024\/12\/Namnlos-design-5-1.png","type":"image\/png"}],"twitter_card":"summary_large_image","twitter_misc":{"Estimeret l\u00e6setid":"1 minut"},"schema":{"@context":"https:\/\/schema.org","@graph":[{"@type":"WebPage","@id":"https:\/\/qreativ.se\/dk\/produkt\/flor-ljuslykta-beige\/","url":"https:\/\/qreativ.se\/dk\/produkt\/flor-ljuslykta-beige\/","name":"Flor Ljuslykta Beige - Qreativ","isPartOf":{"@id":"https:\/\/qreativ.se\/dk\/#website"},"primaryImageOfPage":{"@id":"https:\/\/qreativ.se\/dk\/produkt\/flor-ljuslykta-beige\/#primaryimage"},"image":{"@id":"https:\/\/qreativ.se\/dk\/produkt\/flor-ljuslykta-beige\/#primaryimage"},"thumbnailUrl":"https:\/\/qreativ.se\/wp-content\/uploads\/2024\/12\/Namnlos-design-5-1.png","datePublished":"2024-12-17T16:23:01+00:00","dateModified":"2026-02-13T09:36:25+00:00","breadcrumb":{"@id":"https:\/\/qreativ.se\/dk\/produkt\/flor-ljuslykta-beige\/#breadcrumb"},"inLanguage":"da-DK","potentialAction":[{"@type":"ReadAction","target":["https:\/\/qreativ.se\/dk\/produkt\/flor-ljuslykta-beige\/"]}]},{"@type":"ImageObject","inLanguage":"da-DK","@id":"https:\/\/qreativ.se\/dk\/produkt\/flor-ljuslykta-beige\/#primaryimage","url":"https:\/\/qreativ.se\/wp-content\/uploads\/2024\/12\/Namnlos-design-5-1.png","contentUrl":"https:\/\/qreativ.se\/wp-content\/uploads\/2024\/12\/Namnlos-design-5-1.png","width":2000,"height":2000},{"@type":"BreadcrumbList","@id":"https:\/\/qreativ.se\/dk\/produkt\/flor-ljuslykta-beige\/#breadcrumb","itemListElement":[{"@type":"ListItem","position":1,"name":"Home","item":"https:\/\/qreativ.se\/dk\/hjem\/"},{"@type":"ListItem","position":2,"name":"Webbshop","item":"https:\/\/qreativ.se\/dk\/webbshop\/"},{"@type":"ListItem","position":3,"name":"Flor Ljuslykta Beige"}]},{"@type":"WebSite","@id":"https:\/\/qreativ.se\/dk\/#website","url":"https:\/\/qreativ.se\/dk\/","name":"Qreativ","description":"","alternateName":"qreativ.se","potentialAction":[{"@type":"SearchAction","target":{"@type":"EntryPoint","urlTemplate":"https:\/\/qreativ.se\/dk\/?s={search_term_string}"},"query-input":{"@type":"PropertyValueSpecification","valueRequired":true,"valueName":"search_term_string"}}],"inLanguage":"da-DK"}]}},"_links":{"self":[{"href":"https:\/\/qreativ.se\/dk\/wp-json\/wp\/v2\/product\/16276","targetHints":{"allow":["GET"]}}],"collection":[{"href":"https:\/\/qreativ.se\/dk\/wp-json\/wp\/v2\/product"}],"about":[{"href":"https:\/\/qreativ.se\/dk\/wp-json\/wp\/v2\/types\/product"}],"replies":[{"embeddable":true,"href":"https:\/\/qreativ.se\/dk\/wp-json\/wp\/v2\/comments?post=16276"}],"wp:featuredmedia":[{"embeddable":true,"href":"https:\/\/qreativ.se\/dk\/wp-json\/wp\/v2\/media\/16277"}],"wp:attachment":[{"href":"https:\/\/qreativ.se\/dk\/wp-json\/wp\/v2\/media?parent=16276"}],"wp:term":[{"taxonomy":"product_brand","embeddable":true,"href":"https:\/\/qreativ.se\/dk\/wp-json\/wp\/v2\/product_brand?post=16276"},{"taxonomy":"product_cat","embeddable":true,"href":"https:\/\/qreativ.se\/dk\/wp-json\/wp\/v2\/product_cat?post=16276"},{"taxonomy":"product_tag","embeddable":true,"href":"https:\/\/qreativ.se\/dk\/wp-json\/wp\/v2\/product_tag?post=16276"}],"curies":[{"name":"wp","href":"https:\/\/api.w.org\/{rel}","templated":true}]}}

<p><strong>Upptäck Våra Ljuslyktor i Pastellfärgat Glas – Skapa En Mysig Atmosfär</strong></p>
<p>Ge ditt hem en elegant och stilfull touch med våra <strong>ljuslyktor i pastellfärgat glas</strong>. Den mjuka färgpaletten skapar en varm och inbjudande känsla som passar perfekt i allt från det moderna vardagsrummet till mysiga sovrum och dukade middagsbord.</p>
<p>Våra ljuslyktor är tillverkade av <strong>högkvalitativt glas</strong>, vilket ger ett vackert skimmer när ljuset sprids genom de mjuka pastelltonerna. Välj mellan flera färger för att matcha din inredningsstil eller blanda olika nyanser för en lekfull effekt.</p>
<p><strong>Perfekta för alla tillfällen</strong>:</p>
<ul>
<li>Mysiga kvällar hemma</li>
<li>Bröllop och festdekorationer</li>
<li>Gåvor till någon du tycker om</li>
<li>Komplettera med Flor Dekorationsblomma för ett enhetligt inredningskoncept</li>
</ul>

<p>Med dessa stilrena ljuslyktor skapar du enkelt en <strong>harmonisk atmosfär</strong> i ditt hem. Ljuslyktorna är även en idealisk present till den inredningsintresserade vännen.</p>

<!-- This site is optimized with the Yoast SEO plugin v27.5 - https://yoast.com/product/yoast-seo-wordpress/ -->
<title>Flor Ljuslykta Beige - Qreativ</title>
<meta name="robots" content="index, follow, max-snippet:-1, max-image-preview:large, max-video-preview:-1" />
<link rel="canonical" href="https://qreativ.se/dk/produkt/flor-ljuslykta-beige/" />
<meta property="og:locale" content="da_DK" />
<meta property="og:type" content="article" />
<meta property="og:title" content="Flor Ljuslykta Beige - Qreativ" />
<meta property="og:description" content="Med dessa stilrena ljuslyktor skapar du enkelt en harmonisk atmosfär i ditt hem. Ljuslyktorna är även en idealisk present till den inredningsintresserade vännen." />
<meta property="og:url" content="https://qreativ.se/dk/produkt/flor-ljuslykta-beige/" />
<meta property="og:site_name" content="Qreativ" />
<meta property="article:modified_time" content="2026-02-13T09:36:25+00:00" />
<meta property="og:image" content="https://qreativ.se/wp-content/uploads/2024/12/Namnlos-design-5-1.png" />
	<meta property="og:image:width" content="2000" />
	<meta property="og:image:height" content="2000" />
	<meta property="og:image:type" content="image/png" />
<meta name="twitter:card" content="summary_large_image" />
<meta name="twitter:label1" content="Estimeret læsetid" />
	<meta name="twitter:data1" content="1 minut" />
<script type="application/ld+json" class="yoast-schema-graph">{"@context":"https:\/\/schema.org","@graph":[{"@type":"WebPage","@id":"https:\/\/qreativ.se\/dk\/produkt\/flor-ljuslykta-beige\/","url":"https:\/\/qreativ.se\/dk\/produkt\/flor-ljuslykta-beige\/","name":"Flor Ljuslykta Beige - Qreativ","isPartOf":{"@id":"https:\/\/qreativ.se\/dk\/#website"},"primaryImageOfPage":{"@id":"https:\/\/qreativ.se\/dk\/produkt\/flor-ljuslykta-beige\/#primaryimage"},"image":{"@id":"https:\/\/qreativ.se\/dk\/produkt\/flor-ljuslykta-beige\/#primaryimage"},"thumbnailUrl":"https:\/\/qreativ.se\/wp-content\/uploads\/2024\/12\/Namnlos-design-5-1.png","datePublished":"2024-12-17T16:23:01+00:00","dateModified":"2026-02-13T09:36:25+00:00","breadcrumb":{"@id":"https:\/\/qreativ.se\/dk\/produkt\/flor-ljuslykta-beige\/#breadcrumb"},"inLanguage":"da-DK","potentialAction":[{"@type":"ReadAction","target":["https:\/\/qreativ.se\/dk\/produkt\/flor-ljuslykta-beige\/"]}]},{"@type":"ImageObject","inLanguage":"da-DK","@id":"https:\/\/qreativ.se\/dk\/produkt\/flor-ljuslykta-beige\/#primaryimage","url":"https:\/\/qreativ.se\/wp-content\/uploads\/2024\/12\/Namnlos-design-5-1.png","contentUrl":"https:\/\/qreativ.se\/wp-content\/uploads\/2024\/12\/Namnlos-design-5-1.png","width":2000,"height":2000},{"@type":"BreadcrumbList","@id":"https:\/\/qreativ.se\/dk\/produkt\/flor-ljuslykta-beige\/#breadcrumb","itemListElement":[{"@type":"ListItem","position":1,"name":"Home","item":"https:\/\/qreativ.se\/dk\/hjem\/"},{"@type":"ListItem","position":2,"name":"Webbshop","item":"https:\/\/qreativ.se\/dk\/webbshop\/"},{"@type":"ListItem","position":3,"name":"Flor Ljuslykta Beige"}]},{"@type":"WebSite","@id":"https:\/\/qreativ.se\/dk\/#website","url":"https:\/\/qreativ.se\/dk\/","name":"Qreativ","description":"","alternateName":"qreativ.se","potentialAction":[{"@type":"SearchAction","target":{"@type":"EntryPoint","urlTemplate":"https:\/\/qreativ.se\/dk\/?s={search_term_string}"},"query-input":{"@type":"PropertyValueSpecification","valueRequired":true,"valueName":"search_term_string"}}],"inLanguage":"da-DK"}]}</script>
<!-- / Yoast SEO plugin. -->

Med dessa stilrena ljuslyktor skapar du enkelt en harmonisk atmosfär i ditt hem. Ljuslyktorna är även en idealisk present till den inredningsintresserade vännen.
